+ 0 - (-2 + 1) - -6?
2
What is -3 + 10 + 0 + -1?
6
What is -10 - ((12 - 5) + -15)?
-2
Evaluate -1 + 7 + (5 - 7).
4
Calculate 8 - 6 - (-4 - -1).
5
What is 13 - (5 + -7 - -12)?
3
4 + 2 + -4 - (1 + 1)
0
Calculate 1 + -4 + -12 + 5 - -6.
-4
Calculate 1 + (-1 - 0) - (-22 + 21).
1
Evaluate -4 + 2 + (-7 - -6).
-3
What is the value of -4 + (-3 - -2 - -4)?
-1
21 + -9 - (6 - -6)
0
Evaluate -5 - -4 - (-6 - -1) - 3.
1
Calculate 0 + -7 + 1 + 1 + 0.
-5
What is 5 + (-6 - -4) + (0 - 4)?
-1
Calculate -9 - (-9 - (-9 + 8)).
-1
Calculate (-8 - (7 + -10)) + 12.
7
Calculate 1 - ((-7 - (1 + -4)) + 2).
3
Evaluate (-4 - 0) + (5 - -2) + -6.
-3
What is the value of -3 + 0 + 1 - (4 - 2)?
-4
What is 1 - 17 - -9 - (-3 - 1)?
-3
Calculate (1 + -2 + 5 - 6) + 2.
0
Evaluate -8 + 6 + -1 + 0.
-3
What is the value of -16 - (-27 + 14 - 0)?
-3
Calculate -1 + -4 - (1 - 1).
-5
What is -3 + -1 + -3 - -2?
-5
-1 - ((1 - -1) + -2)
-1
Evaluate 4 + -3 + -1 + 3.
3
Calculate (2 + 0 - -2) + -3 - -4.
5
What is the value of 3 + (-2 - 3) + (0 - 1)?
-3
What is the value of 9 + -5 + 1 + -5 + 0?
0
Evaluate ((5 - 6) + -1 - 3) + 7.
2
What is the value of 1 + 6 + 0 + -32 + 16?
-9
Calculate (15 - (6 - 1)) + (0 - 5).
5
Calculate 21 + (-9 - -9 - 15).
6
6 + (3 + 3 + -3 - 15)
-6
Calculate 1 - (-5 - -3 - -5 - -3).
-5
1 - (-9 - ((-10 - -4) + -2))
2
(38 - 17) + -20 + 1 + -6
-4
Calculate (-8 - 2) + (0 - -2) - -5.
-3
-12 - -4 - (-13 + 12)
-7
Evaluate -6 + (-9 - (-16 + 6)).
-5
What is the value of -2 + 1 + 2 - (3 - 0)?
-2
Evaluate (0 - 0) + 8 + -4 + -7.
-3
Calculate -5 + (-1 - (3 + -9)) - 3.
-3
What is the value of -5 + 8 + (-6 - -2)?
-1
-4 + (-6 - -1) + 6 + 9
6
What is (-17 - -11) + 16 - 4?
6
0 + -4 + 0 + 34 + -26
4
3 + (-4 - -4 - 1)
2
What is 11 + -15 + (0 - 0)?
-4
Evaluate 2 + -5 - 0 - 2.
-5
What is -4 - (7 + -6 + (0 - 7))?
2
What is the value of 19 - 30 - (-12 + -4)?
5
(6 - 1) + (15 - 21) + -1
-2
What is the value of -8 + 7 + 1 + 2?
2
What is -7 - -4 - (-1 - -5) - -5?
-2
-5 + 8 + (-3 - -4 - -2)
6
What is (-3 - 0) + (-3 - -4)?
-2
Evaluate -8 + 15 + -14 + 2 + 6.
1
1 + (-2 - -1) + -19 + 19
0
What is the value of -5 - (-7 - (0 + (-6 - 2)))?
-6
Evaluate (0 + 0 - -1) + 6 + -4.
3
Evaluate (-4 - -4 - 4) + (-1 - -1).
-4
-5 + (6 - (5 + (-4 - -7)))
-7
Evaluate (-1 - (-4 + 0)) + (-25 - -23).
1
What is 1 - ((6 - (-2 + 4)) + 0)?
-3
-3 - (-2 - (-1 - (4 + -4)))
-2
What is the value of 4 - ((9 + -5 - 5) + 0)?
5
Evaluate -1 - -4 - (1 + 6 - 0).
-4
(-6 - -2) + 0 - -7
3
Calculate (6 + -3 - -6) + -3.
6
Calculate 3 - (-5 + -1 + 5).
4
What is -6 - (-14 + 7 + -7)?
8
2 - (-2 + 3 + 0)
1
-3 - (-6 - -9) - -1
-5
What is 4 + -10 + (-5 - -10) + -6?
-7
What is the value of 3 + -2 - (-7 - -5) - -1?
4
What is (1 - -6) + -4 + -6 + -1?
-4
What is -4 + (0 - 1) + 3 - 0?
-2
What is (-5 - 6 - -11) + -7?
-7
Calculate 1 + (5 - 6 - -3).
3
Calculate 8 - (12 + -6 + (3 - 3)).
2
What is the value of -2 + 6 + 5 + -3?
6
What is the value of -6 + 0 + 6 - -7 - 4?
3
What is the value of (11 + -10 - -3) + -1?
3
What is the value of 1 + -6 + 8 - (8 - 0)?
-5
Evaluate (-2 - 1) + (2 - -1 - -3).
3
Calculate (-3 + -6 - -7) + -3.
-5
Calculate 4 + (-2 + 0 + -2 - 7).
-7
Evaluate (15 - 13) + -5 + -2.
-5
What is -2 + 12 + (-4 - 0) + -4?
2
0 - (4 + -2 + 3)
-5
Calculate (-1 - -3) + 5 + (-8 - -5).
4
What is (5 - 3) + -5 - -4?
1
-6 + (-5 - -7 - -8)
4
Evaluate (16 - 35) + (1 - -8).
-10
Calculate 0 - ((-5 - -1) + 13 + -4).
-5
What is the value of -6 + (20 + -8 - (5 - 1))?
2
Evaluate (4 - 2) + (-3 - -3).
2
What is -1 - (-16 - -10 - -6)?
-1
-6 + 8 - (8 + -2)
-4
Calculate 1 + 1 + (0 - (4 - 2)).
0
Evaluate (0 - 0) + -1 - 5.
-6
Calculate 5 + -3 + (-3 - -3) + -1.
1
What is 7 - 2 - (1 + 1)?
3
Evaluate -3 + (-6 - (10 - 26)).
7
Evaluate 0 + 0 - (-7 + 3).
4
What is -6 - -1 - ((6 - 10) + -9)?
8
What is -5 - (0 - -2 - 7)?
0
Evaluate 15 + -6 + 0 + -4.
5
11 + (-5 - 12) - (-12 + 2)
4
What is -5 + -5 + 5 + -2?
-7
Evaluate -1 + 0 - 4 - -7.
2
What is the value of -3 + 0 - (-17 + -8 + 15)?
7
What is -65 - -49 - (0 + -8)?
-8
(5 - 6) + 1 - -5
5
Calculate 3 + (-1 - -2) + 2 + -10.
-4
What is (-16 - -15) + (-1 - (-2 - -2))?
-2
Calculate (0 + -2 - 0) + (-57 - -63).
4
What is 1 - (-1 + -1 - (4 + -3))?
4
Evaluate 6 - (4 - (21 + -15)).
8
What is 0 + 9 + -62 + 56?
3
Calculate (-6 - -2) + 6 - (-4 + 1).
5
What is 0 + -1 - -8 - (423 - 414)?
-2
Calculate 8 + 8 + (-2 - 6) - 5.
3
0 - 9 - (-10 + 6)
-5
What is the value of -3 + (3 + 0 - -3)?
3
What is 0 + 7 - (-14 - -23)?
-2
3 + (4 - 6) - 6
-5
Calculate 19 + (-7 + -15 - -14).
11
Calculate -3 - (-2 - (-3 + 3)) - -1.
0
What is the value of 3 - 14 - (-2 + (3 - 6))?
-6
What is -5 - ((-6 - 0) + -1)?
2
What is (4 - (1 - -3) - 3) + 8?
5
What is 0 - -2 - (5 - (1 - -1))?
-1
Evaluate -9 - -1 - (-7 - (-2 - 1)).
-4
What is the value of (-4 - 0) + (-21 - -27) + -4?
-2
What is 8 + (3 - 13) - -6?
4
What is the value of -2 + 1 + (1 - (2 + 1))?
-3
Calculate 16 + -3 + -8 + -10.
-5
Evaluate (3 + -8 - -3) + 1 + 2.
1
Calculate -31 + 19 + (0 - -6).
-6
Evaluate 3 - 5 - (2 + (1 - 10)).
5
Calculate (3 - 2) + -1 + -6.
-6
-3 + 1 + -1 + 2
-1
Calculate -3 - -2 - 5 - (-56 - -51).
-1
Evaluate 6 + 5 + -12 + 4 + 2.
5
What is the value of -9 + 1 + 36 + -28?
0
Calculate (3 - -1) + -6 - -5.
3
Calculate (5 + -8 - -4) + -5.
-4
(4 - 13) + 0 + 1
-8
What is -7 + (2 - 0) + 3?
-2
Calculate (2 - (2 + -1)) + -2 + 1.
0
Calculate -1 + (2 - 2) - (2 - 0).
-3
5 + 0 - (-10 + (2 - -11))
2
What is -2 + 0 + 2 + (-7 - -2)?
-5
Evaluate 1 + -2 - (8 - (7 - 3)).
-5
Calculate (-2 - -5) + 3 + -6 + -1.
-1
What is the value of 2 + 0 + -2 + -17 + 15?
-2
Evaluate (-2 - -4) + -3 + 8.
7
Calculate (5 - (2 - 0)) + -8.
-5
What is the value of (-6 - (-17 + 7)) + 2 + -2?
4
Evaluate 6 + (-8 - -1) + 1.
0
Evaluate -3 + -2 + 8 - -1.
4
-3 - (2 - 5) - 3
-3
Calculate -2 + -1 + (61 - 69).
-11
Calculate 4 - (-7 + 3) - 4.
4
-3 + 7 + -1 - (1 + -3)
5
Evaluate (3 - -2 - 6) + 6 - 2.
3
What is 4 - (4 + (-4 + 1 - -1))?
2
Calculate -3 + (2 - (3 - -2) - -2).
-4
What is -1 + 3 - 7 - -10?
5
What is the value of -8 - -11 - (-3 - -6)?
0
Calculate -1 + 1 - -1 - (15 - 10).
-4
-6 - 2 - (-1 - 2)
-5
Calculate (1 - -1) + (3 - -2) + -8.
-1
Calculate 5 + 3 + (-9 - -5).
4
What is the value of 2 - 5 - (6 - 6)?
-3
Calculate 0 + -2 + (9 - 2).
5
Calculate -9 + 6 - (-2 + -7).
6
Calculate -3 + (1 - -7) + (3 - 3).
5
Evaluate 29 - (16 - 2) - 9.
6
-4 - (-2 + -4) - (-3 - 0)
5
-3 + (-6 - 1) + (-1 - -3)
-8
Calculate 11 - (-5 + 15) - 0.
1
What is the value of -1 - -2 - 4 - -6?
3
-4 - (5 - 2 - 10)
3
(3 + -3 - (5 - 0)) + 3
-2
(-6 - 2) + -4 + 8
-4
What is the value of 2 + (3 + 2 + -4 - 3)?
0
Evaluate (-3 + 8 - 10) + 7.
2
What is -3 + (-1 + 10 - (-5 - -9))?
2
What is the value of (2 - -1) + -2 + (11 - 11)?
1
What is 11 + (-9 - (19 - 9))?
-8
Calculate -3 - (-8 + 7 - -2).
-4
Calculate -4 + (3 - 5) - (2 - 9).
1
What is the value of 14 + -21 + 11 - -1?
5
Evaluate 8 - (13 - 9) - (3 + 0).
1
Calculate -5 + (-1 - -2) - (-35 + 28).
3
What is the value of 7 - (-12 + 18 - (-2 - 0))?
-1
What is the value of (3 - 1) + (-6 - (-8 + 0))?
4
Evaluate 1 + (5 - 11) + 6.
1
0 + -5 + -3 + (0 - -4)
-4
Calculate 3 - ((5 - -2) + -2).
-2
Evaluate -4 - (-3 + 4) - (0 - 0).
-5
What is 1 + 6 - (24 + -45 + 36)?
-8
What is the value of 1 - -2 - -2 - 2 - -3?
6
-9 + -2 + 8 + 2
-1
Calculate 5 - ((-7 - 1) + (-15 - -21)).
7
What is 1 + 0 + 4 + -10 + 4?
-1
What is the value of 9 - ((9 - 2) + -2 + -1)?
5
-3 - ((0 - 3) + 5)
-5
Evaluate 2 + -3 + (-2 - -4).
1
-2 + (-2 - 0) + -5 + 18
9
What is 2 - (0 + -3 + 1)?
4
Calculate (3 - 1) + 14 + -16 + 2.
2
Evaluate -6 + 13 - (1 + 1).
5
What is -2 - (1 - 1 - (1 - 2))?
-3
(-3 + 4 - -1) + 2
4
9 + 5 + -3 - 6
5
1 + (-3 - -3) - 3
-2
What is 4 - (14 - (0 - -8))?
-2
What is -7 - (9 + -25 - -10)?
-1
Evaluate 4 - ((-8 - (-8 - -4)) + 3).
5
Evaluate -5 + 1 - 0 - (-4 + 1).
-1
What is 4 + -1 + 4 + -27 + 15?
-5
Calculate 7 + -5 - (-3 - -2 - -7).
-4
What is the value of 8 - 1 - (-123 + 127)?
3
-1 + -8 + 3 + (-1 - -2)
-5
Evaluate -2 + 5 - 5 - -3.
1
1 + (11 - (-6 - -13))
5
What is the value of 14 - (-4 - (3 - -4 - 18))?
7
(2 - (-3 - -5)) + -5
-5
Calculate (13 - 14) + 4 - (-1 + 7).
-3
Evaluate -6 - (3 - (15 - 6)).
0
What is the value of (-1 - -1) + (-1 - (12 + -18))?
5
What is 5 - (-4 - (2 - 8 - -5))?
8
4 + -12 + (8 - 5) - 1
-6
0 - 3 - (4 - 6)
-1
-12 + -4 + 22 + 2
8
What is the value of (2 - 7) + (